d - 3*d + 2*d - 6*d + d**2. Let q be y(8). Is (-1535)/(-20) + (-2)/q a prime number?
False
Suppose 5*l = -2*h + 4, 0 = -l + 5*h - 18 + 8. Suppose l = b - 24 - 31. Is b composite?
True
Suppose p - 4*p = 2*o - 1184, 2*p = 4*o - 2352. Is o composite?
True
Let j(m) = -94*m**3 + m**2 + 2*m + 1. Is j(-2) prime?
False
Let n(b) = 7*b**2 - b + 1. Let g be n(1). Suppose 10*s = g*s + 435. Is s a prime number?
False
Suppose 2*t = -3*d + 20, 4*d - 4*t = d - 4. Suppose 0*k - 2*k = -d. Suppose k*a = -1 + 13. Is a a composite number?
True
Let c be -14 - (0 + -2) - -3. Let w(m) = -m**3 - 7*m**2 + m + 8. Is w(c) a prime number?
False
Let k be 1*(2 - (-3 - 49)). Let x = -35 + 16. Let m = x + k. Is m composite?
True
Let u be (-90)/(-25)*(-10)/3. Let c be (-3 - u/2) + -5. Is ((-83)/c)/(3/6) composite?
False
Suppose -4 - 20 = 3*f. Let o(y) = y**2 + 9*y. Let z be o(f). Is 19/2 + (-4)/z a composite number?
True
Let b = -73 - 20. Let t(m) = -6*m + 2. Let p be t(6). Let x = p - b. Is x a composite number?
False
Let r(z) = 7*z**2 - 1 + 0 + 6 + z**2. Is r(-6) a prime number?
True
Let c = -49 - -102. Is c a composite number?
False
Let u(c) = 38*c**2 - 4*c - 8. Is u(-7) a prime number?
False
Let h(b) = -b**2 - 26*b - 15. Is h(-10) composite?
True
Suppose -c + 5*c = 16. Suppose -2*k = h - 12, k - 11 = h - c*h. Suppose 3*y = -3*o + y + 26, 4 = -h*y. Is o a composite number?
True
Let i be ((-2)/(-6))/((-2)/(-18)). Let d be (-16)/40 + (-27)/(-5). Suppose s - 2*z + 62 = i*s, d*s - 2*z = 155. Is s prime?
True
Let s(u) = -u**2 - 6*u + 7. Let p be s(-6). Let n(r) = 17*r - 6. Is n(p) a composite number?
False
Let d(p) = 10*p**2 + 5*p - 6. Let x be -10*(0 - 4/(-8)). Is d(x) a prime number?
False
Let p(w) = w**2 + 4*w - 3. Let m be p(-5). Suppose 6*b - m*b = -176. Let f = b - -157. Is f a prime number?
True
Suppose 5*j = 2*j. Suppose -4*f + 0*f = 3*o - 43, -3*o - 3*f + 39 = j. Is o a prime number?
False
Let f(o) be the second derivative of -o**5/20 - 7*o**4/12 - o**3 + 2*o**2 + 3*o. Let q be f(-7). Suppose 0*v - 2*r + 15 = v, -q = -2*v + 4*r. Is v composite?
False
Is 1/((12/4971)/4) prime?
True
Let c = -1 + 4. Suppose -c*f = 7 - 19. Suppose 0 = -f*p + 106 + 30. Is p a composite number?
True
Suppose 0 = n + 3*n - 1420. Is n prime?
False
Let u(b) = b + 14. Let l be u(-11). Suppose -9 = -l*x + 15. Suppose -3*s - 325 = -x*s. Is s a prime number?
False
Let k(h) = h**3 + h**2 + 4*h - 1. Is k(7) composite?
False
Let m be (-1)/(-6) - 232/(-48). Suppose 2*j - 4*j - m*b + 38 = 0, 0 = -j + b + 19. Is j composite?
False
Suppose 2*n - 6 = -0. Suppose -5*p = 4*w - 341, w + 116 = n*p - 75. Is p prime?
False
Let l be (-8)/(-6)*3/2. Suppose 7*s - l*s - 30 = 0. Is ((-2)/s)/((-4)/564) composite?
False
Let u = 245 + -171. Is u a prime number?
False
Let t(u) = u**3 - u**2 + u. Let n be t(1). Let o be (-3 - -2) + 4*n. Is (5/o)/(1/21) a composite number?
True
Let r(a) = a**2 + a. Let p(j) = 26*j**2 - 4*j - 7. Let v(k) = p(k) + 3*r(k). Is v(5) prime?
False
Let l(w) = w**3 + w + 8. Let a be l(0). Let o = a - 20. Is (-1)/4 + (-375)/o a prime number?
True
Let m(k) = k + 5. Let n be m(-5). Suppose 0 = o - 0*o - 1, -3*w - 5*o + 278 = n. Is w a prime number?
False
Let n be 1*6 + (-6)/3. Suppose -n*z = -c - 5, -3*c + 4*z + 39 = 2*c. Is c composite?
False
Suppose -6*z + 18 = -3*z. Let p be 26/z - 2/(-3). Let r(i) = 5*i - 4. Is r(p) a prime number?
False
Suppose -15 = -3*y, 1241 = i - y + 293. Is i composite?
False
Let y be (18/(-4))/((-6)/(-8)). Is (-2)/(3*y/1143) prime?
True
Let u be (-2)/(-8) + 11162/(-8). Is u/(-11) + (-20)/(-110) prime?
True
Let c(n) = n**2 - 5*n + 3. Let f be c(5). Suppose 79 = -f*a + 4*a. Is a a composite number?
False
Suppose -96 + 0 = -4*f. Suppose 4*m - f = 112. Is m composite?
True
Suppose 0 = -2*n - n - 5*u + 50, 0 = 3*u - 12. Suppose -t + n = 4*t. Suppose -t*m + m = -85. Is m composite?
True
Suppose 14334 = -s - 2*s. Is 12/18 - s/6 a prime number?
True
Let c = 16 - 29. Let a = c - -7. Let p(w) = w**2 + 5*w + 7. Is p(a) a composite number?
False
Let h = 12 - 8. Suppose -5*p + 2*i + 150 = -44, -160 = -4*p + h*i. Is p prime?
False
Let i(w) = 217*w - 7. Let v be i(-3). Let c be 45/12*(333 + -1). Let u = c + v. Is u a composite number?
False
Let r be (-846)/(-8)*(-1 - -5). Let p = r + -233. Suppose -3*b + p = -b. Is b a prime number?
False
Let v = 11 + -43. Let m be 264/v - (-2)/8. Let k(p) = -p**3 - 6*p**2 + 11*p - 1. Is k(m) composite?
True
Let c(w) = -114*w - 7. Is c(-3) composite?
True
Suppose -10*i + 5*i = -25. Suppose -5*w + 213 = i*r - 332, -3*r = 2*w - 331. Is r a composite number?
False
Let g(s) = -11*s**3 + 2*s**2 - s - 1. Suppose -2*t - 3*k = -4*t, 0 = 3*t + 5*k - 19. Suppose 2*z - 5*z + t = 3*a, 3 = -3*z - a. Is g(z) a prime number?
True
Let b(t) be the first derivative of -t**3/3 - 2*t**2 - t - 1. Let j be b(-3). Suppose 88 = j*f - 18. Is f composite?
False
Is 1/(-4) + (-365)/(-4) a prime number?
False
Let y(l) be the first derivative of -l**3/3 - 2*l**2 + 2*l + 1. Let c be y(-4). Is ((-97)/c)/(2/(-4)) a prime number?
True
Suppose 16 + 24 = 4*j. Suppose -2*m - i - 2 = j, -13 = 3*m + 4*i. Let s = 56 + m. Is s composite?
True
Is (2 - 1)/((-1)/(-1559)) prime?
True
Let g = -29 - -17. Let m be g*(14/(-4) - -3). Suppose m*x - 245 = x. Is x a composite number?
True
Suppose -n = -3*k - 12, 2*n - 16 = -2*n + 4*k. Suppose 0 = i + 5*w - 160, -2*i - 3*w + 249 + 106 = n. Is i a prime number?
False
Suppose 3 = 3*l, -2*u + 2*l + 65 = -u. Is u a prime number?
True
Suppose -z + 5*q + 13 = q, -3*z + 23 = -4*q. Suppose z*b - 4*i = 1 - 5, 4*i - 4 = -b. Suppose b = 2*t - 6*t + 844. Is t a composite number?
False
Suppose -2*u = -u - 161. Suppose -2*s = -a - a + 114, -3*a + u = 2*s. Suppose a = 7*o - 2*o. Is o prime?
True
Is (4790/(-20))/(2/(-4)) composite?
False
Suppose s - 8*x = -7*x + 411, -2*s = -5*x - 822. Is s a composite number?
True
Suppose 28*b = 24*b - 20. Suppose 0 = -3*u, -4*w - u - 32 = -6*u. Let s = b - w. Is s composite?
False
Let i be 2/(-1) - -1*10. Let j be i/5 - 2/(-5). Suppose -13 - 48 = -r + j*w, -r - 5*w + 75 = 0. Is r composite?
True
Let q = 46 - 18. Let p be (-3238)/(-14) - 8/q. Suppose z + 2*z = p. Is z a composite number?
True
Is 955 - (-2)/(1*4/(-8)) a composite number?
True
Is 0 + (681 - (0 + -4)) composite?
True
Let b(v) = 36*v**2 - 7*v - 7. Is b(4) a composite number?
False
Is (1 + 1660/8)/(2/4) prime?
False
Suppose -785 = -4*k + 3*k. Is k a composite number?
True
Let y(b) = -4*b**3 - 2*b + 3. Let t be y(-4). Suppose x + 2*x = t. Is x a prime number?
True
Let u(k) = k**3 - k + 3. Let d be u(0). Let r = d - 3. Suppose 4*t + 4*l - 8 = r, -3*l + 3 = 4*t + 2*l. Is t composite?
False
Suppose l = -b - 2*l + 143, 5*l - 413 = -3*b. Is b composite?
False
Suppose -12*j + 29571 = 3783. Is j a composite number?
True
Let t(a) = a**2 - 13*a - 18. Let o be t(14). Is (-94)/o + (-2)/4 a prime number?
True
Let y(t) = -24*t - 1. Suppose -q = 7 - 5. Is y(q) a prime number?
True
Let j(a) = -a**3 - 16*a**2 + 12*a + 11. Let o be j(-15). Let i(f) = -f**2 - 2*f. Let p be i(-4). Is o/p - 1/4 a prime number?
False
Let w = -157 - -604. Is w composite?
True
Suppose 2*s - 4003 = 235. Is s composite?
True
Suppose 2*w = -5*w + 8533. Is w a prime number?
False
Is 302/6 - (-36)/(-27) a composite number?
True
Let p(l) = l**3 + 6*l**2 - l - 4. Let g be p(-6). Suppose g*b = -3*b + 1465. Is b a prime number?
True
Suppose 0*v + v + 160 = 0. Let h = -86 - v. Is h prime?
False
Let m(f) = -f**3 + 8*f**2 - 2*f - 2. Is m(3) a prime number?
True
Let i = -5 + 7. Suppose 0*n - 38 = -2*n. Suppose i*x - n = x. Is x prime?
True
Suppose 2*g - 1908 = 5*z - 557, -2*z = -4*g + 2678. Let v = g - 403. Is v a composite number?
True
Suppose 8*l - l - 5138 = 0. Is l composite?
True
Let w be (17/2)/(8/(-16)). Let h = 68 - w. Is h prime?
False
Let c = -15 + 19. Suppose 0 = -5*s - 2*z + 1665, 0 = 4*s - c*z + 3*z - 1319. Is s a prime number?
True
Let h = 1540 - -897. Is h prime?
True
Suppose l = -2*l + 105. Is l a composite number?
True
Let u(i) = -i + 15. Let q be u(13). Let w(t) = 8*t**3 - 8*t**2 + 7*t + 4. Let y(v) = -7*v**3 + 7*v**2 - 6*v - 3. Let b(z) = -3*w(z) - 4*y(z). Is b(q) prime?
False
Let u(j) = -j**2 + 1. Let w be u(-1). Let n(x) = x**3 + x**2 + x + 10. Is n(w) composite?
True
Suppose z + 0*z + 111 = 5*q, 2*q + 4*z 